{"id":811,"date":"2020-12-16T23:37:17","date_gmt":"2020-12-17T02:37:17","guid":{"rendered":"https:\/\/hnp.org.br\/site2020\/?page_id=811"},"modified":"2020-12-16T23:40:21","modified_gmt":"2020-12-17T02:40:21","slug":"hotelaria","status":"publish","type":"page","link":"https:\/\/hnp.org.br\/site2020\/hotelaria\/","title":{"rendered":"Hotelaria"},"content":{"rendered":"\t\t<div data-elementor-type=\"wp-page\" data-elementor-id=\"811\" class=\"elementor elementor-811\" data-elementor-post-type=\"page\">\n\t\t\t\t\t\t<section class=\"has_ma_el_bg_slider elementor-section elementor-top-section elementor-element elementor-element-a8a87da elementor-section-boxed elementor-section-height-default elementor-section-height-default jltma-glass-effect-no\" data-id=\"a8a87da\" data-element_type=\"section\">\n\t\t\t\t\t\t<div class=\"elementor-container elementor-column-gap-default\">\n\t\t\t\t\t<div class=\"has_ma_el_bg_slider elementor-column elementor-col-100 elementor-top-column elementor-element elementor-element-96fc65b jltma-glass-effect-no\" data-id=\"96fc65b\" data-element_type=\"column\">\n\t\t\t<div class=\"elementor-widget-wrap\">\n\t\t\t\t\t\t\t<\/div>\n\t\t<\/div>\n\t\t\t\t\t<\/div>\n\t\t<\/section>\n\t\t\t\t<section class=\"has_ma_el_bg_slider elementor-section elementor-top-section elementor-element elementor-element-c55e2bd elementor-section-full_width elementor-section-height-default elementor-section-height-default jltma-glass-effect-no\" data-id=\"c55e2bd\" data-element_type=\"section\" data-settings=\"{&quot;background_background&quot;:&quot;classic&quot;}\">\n\t\t\t\t\t\t<div class=\"elementor-container elementor-column-gap-default\">\n\t\t\t\t\t<div class=\"has_ma_el_bg_slider elementor-column elementor-col-100 elementor-top-column elementor-element elementor-element-51de55c jltma-glass-effect-no\" data-id=\"51de55c\" data-element_type=\"column\">\n\t\t\t<div class=\"elementor-widget-wrap elementor-element-populated\">\n\t\t\t\t\t\t<div class=\"elementor-element elementor-element-b91e065 jltma-glass-effect-no elementor-widget elementor-widget-heading\" data-id=\"b91e065\" data-element_type=\"widget\" data-widget_type=\"heading.default\">\n\t\t\t\t<div class=\"elementor-widget-container\">\n\t\t\t\t\t<h1 class=\"elementor-heading-title elementor-size-large\">HOTELARIA<\/h1>\t\t\t\t<\/div>\n\t\t\t\t<\/div>\n\t\t\t\t<div class=\"elementor-element elementor-element-4f11874 jltma-glass-effect-no elementor-widget elementor-widget-text-editor\" data-id=\"4f11874\" data-element_type=\"widget\" data-widget_type=\"text-editor.default\">\n\t\t\t\t<div class=\"elementor-widget-container\">\n\t\t\t\t\t\t\t\t\t<p style=\"text-align: center;\"><span style=\"color: #333333;\"><span style=\"font-weight: 400;\">O Hospital Nova Petr\u00f3polis oferece quatro op\u00e7\u00f5es de acomoda\u00e7\u00f5es aos nossos pacientes<\/span><br><\/span><\/p>\t\t\t\t\t\t\t\t<\/div>\n\t\t\t\t<\/div>\n\t\t\t\t\t<\/div>\n\t\t<\/div>\n\t\t\t\t\t<\/div>\n\t\t<\/section>\n\t\t\t\t<section class=\"has_ma_el_bg_slider elementor-section elementor-top-section elementor-element elementor-element-847c6ba elementor-section-boxed elementor-section-height-default elementor-section-height-default jltma-glass-effect-no\" data-id=\"847c6ba\" data-element_type=\"section\">\n\t\t\t\t\t\t<div class=\"elementor-container elementor-column-gap-default\">\n\t\t\t\t\t<div class=\"has_ma_el_bg_slider elementor-column elementor-col-50 elementor-top-column elementor-element elementor-element-d1f818e jltma-glass-effect-no\" data-id=\"d1f818e\" data-element_type=\"column\">\n\t\t\t<div class=\"elementor-widget-wrap elementor-element-populated\">\n\t\t\t\t\t\t<div class=\"elementor-element elementor-element-f7e8ef4 jltma-glass-effect-no elementor-widget elementor-widget-heading\" data-id=\"f7e8ef4\" data-element_type=\"widget\" data-widget_type=\"heading.default\">\n\t\t\t\t<div class=\"elementor-widget-container\">\n\t\t\t\t\t<h1 class=\"elementor-heading-title elementor-size-large\">Su\u00edte<\/h1>\t\t\t\t<\/div>\n\t\t\t\t<\/div>\n\t\t\t\t<div class=\"elementor-element elementor-element-ce9b35d jltma-glass-effect-no elementor-widget elementor-widget-text-editor\" data-id=\"ce9b35d\" data-element_type=\"widget\" data-widget_type=\"text-editor.default\">\n\t\t\t\t<div class=\"elementor-widget-container\">\n\t\t\t\t\t\t\t\t\t<p><span style=\"color: var( --e-global-color-text ); font-family: var( --e-global-typography-text-font-family ); font-weight: var( --e-global-typography-text-font-weight ); font-size: 0.875rem;\">S\u00e3o acomoda\u00e7\u00f5es individuais e diferenciadas, com ambiente totalmente equipado para proporcionar conforto ao paciente e seus familiares.<\/span><\/p><p><em>Caracter\u00edsticas:<\/em><\/p><ul><li>Quarto individual equipado com cama el\u00e9trica<\/li><li>Poltrona reclin\u00e1vel<\/li><li>Ar-condicionado<\/li><li>Frigobar<\/li><li>Televisor<\/li><li>Sof\u00e1 cama<\/li><li>Banheiro<\/li><li>Telefone<\/li><\/ul>\t\t\t\t\t\t\t\t<\/div>\n\t\t\t\t<\/div>\n\t\t\t\t\t<\/div>\n\t\t<\/div>\n\t\t\t\t<div class=\"has_ma_el_bg_slider elementor-column elementor-col-50 elementor-top-column elementor-element elementor-element-443c00f jltma-glass-effect-no\" data-id=\"443c00f\" data-element_type=\"column\">\n\t\t\t<div class=\"elementor-widget-wrap elementor-element-populated\">\n\t\t\t\t\t\t<div class=\"elementor-element elementor-element-4030fd9 jltma-glass-effect-no elementor-widget elementor-widget-heading\" data-id=\"4030fd9\" data-element_type=\"widget\" data-widget_type=\"heading.default\">\n\t\t\t\t<div class=\"elementor-widget-container\">\n\t\t\t\t\t<h1 class=\"elementor-heading-title elementor-size-large\">Apartamento \/ Quarto Privativo<\/h1>\t\t\t\t<\/div>\n\t\t\t\t<\/div>\n\t\t\t\t<div class=\"elementor-element elementor-element-d55f75a jltma-glass-effect-no elementor-widget elementor-widget-text-editor\" data-id=\"d55f75a\" data-element_type=\"widget\" data-widget_type=\"text-editor.default\">\n\t\t\t\t<div class=\"elementor-widget-container\">\n\t\t\t\t\t\t\t\t\t<p><span style=\"color: var( --e-global-color-text ); font-family: var( --e-global-typography-text-font-family ); font-weight: var( --e-global-typography-text-font-weight ); font-size: 0.875rem;\">S\u00e3o acomoda\u00e7\u00f5es individuais com ambiente totalmente equipado para proporcionar conforto ao paciente e seus familiares.<\/span><\/p><p><em>Caracter\u00edsticas<\/em><\/p><ul><li>Quarto individual<\/li><li>Ar-condicionado<\/li><li>Frigobar<\/li><li>Televisor<\/li><li>Sof\u00e1 cama<\/li><li>Banheiro<\/li><\/ul>\t\t\t\t\t\t\t\t<\/div>\n\t\t\t\t<\/div>\n\t\t\t\t\t<\/div>\n\t\t<\/div>\n\t\t\t\t\t<\/div>\n\t\t<\/section>\n\t\t\t\t<section class=\"has_ma_el_bg_slider elementor-section elementor-top-section elementor-element elementor-element-5deb1a5 elementor-section-boxed elementor-section-height-default elementor-section-height-default jltma-glass-effect-no\" data-id=\"5deb1a5\" data-element_type=\"section\">\n\t\t\t\t\t\t<div class=\"elementor-container elementor-column-gap-default\">\n\t\t\t\t\t<div class=\"has_ma_el_bg_slider elementor-column elementor-col-50 elementor-top-column elementor-element elementor-element-e774563 jltma-glass-effect-no\" data-id=\"e774563\" data-element_type=\"column\">\n\t\t\t<div class=\"elementor-widget-wrap elementor-element-populated\">\n\t\t\t\t\t\t<div class=\"elementor-element elementor-element-e86df8a jltma-glass-effect-no elementor-widget elementor-widget-heading\" data-id=\"e86df8a\" data-element_type=\"widget\" data-widget_type=\"heading.default\">\n\t\t\t\t<div class=\"elementor-widget-container\">\n\t\t\t\t\t<h1 class=\"elementor-heading-title elementor-size-large\">Apartamento \/ Quarto Semi-Privativo\u200b<\/h1>\t\t\t\t<\/div>\n\t\t\t\t<\/div>\n\t\t\t\t<div class=\"elementor-element elementor-element-791502e jltma-glass-effect-no elementor-widget elementor-widget-text-editor\" data-id=\"791502e\" data-element_type=\"widget\" data-widget_type=\"text-editor.default\">\n\t\t\t\t<div class=\"elementor-widget-container\">\n\t\t\t\t\t\t\t\t\t<p><span style=\"color: var( --e-global-color-text ); font-family: var( --e-global-typography-text-font-family ); font-weight: var( --e-global-typography-text-font-weight ); font-size: 0.875rem;\">S\u00e3o acomoda\u00e7\u00f5es com leitos e com ambiente totalmente equipado para proporcionar conforto ao paciente e seus familiares.<\/span><\/p><p><em>Caracter\u00edsticas:<\/em><\/p><ul><li>Quarto com dois leitos<\/li><li>Ar-condicionado<\/li><li>Televisor<\/li><li>Poltrona reclin\u00e1vel<\/li><li>Banheiro<\/li><\/ul>\t\t\t\t\t\t\t\t<\/div>\n\t\t\t\t<\/div>\n\t\t\t\t\t<\/div>\n\t\t<\/div>\n\t\t\t\t<div class=\"has_ma_el_bg_slider elementor-column elementor-col-50 elementor-top-column elementor-element elementor-element-891b6a3 jltma-glass-effect-no\" data-id=\"891b6a3\" data-element_type=\"column\">\n\t\t\t<div class=\"elementor-widget-wrap elementor-element-populated\">\n\t\t\t\t\t\t<div class=\"elementor-element elementor-element-94e6b0c jltma-glass-effect-no elementor-widget elementor-widget-heading\" data-id=\"94e6b0c\" data-element_type=\"widget\" data-widget_type=\"heading.default\">\n\t\t\t\t<div class=\"elementor-widget-container\">\n\t\t\t\t\t<h1 class=\"elementor-heading-title elementor-size-large\">Enfermaria<\/h1>\t\t\t\t<\/div>\n\t\t\t\t<\/div>\n\t\t\t\t<div class=\"elementor-element elementor-element-2d18f26 jltma-glass-effect-no elementor-widget elementor-widget-text-editor\" data-id=\"2d18f26\" data-element_type=\"widget\" data-widget_type=\"text-editor.default\">\n\t\t\t\t<div class=\"elementor-widget-container\">\n\t\t\t\t\t\t\t\t\t<p>S\u00e3o acomoda\u00e7\u00f5es coletivas para os pacientes do Sistema \u00danico de Sa\u00fade (SUS), que alternam entre dois, tr\u00eas e quatro leitos, conforme o quarto e condi\u00e7\u00e3o cl\u00ednica de cada paciente.<\/p><p><em>Caracter\u00edsticas:<\/em><\/p><ul><li>Quarto coletivo<\/li><li>Ar-condicionado<\/li><li>Televisor<\/li><li>Arm\u00e1rio individual com chave<\/li><li>Banheiro<\/li><\/ul>\t\t\t\t\t\t\t\t<\/div>\n\t\t\t\t<\/div>\n\t\t\t\t\t<\/div>\n\t\t<\/div>\n\t\t\t\t\t<\/div>\n\t\t<\/section>\n\t\t\t\t<section class=\"has_ma_el_bg_slider elementor-section elementor-top-section elementor-element elementor-element-31bfb80 elementor-section-boxed elementor-section-height-default elementor-section-height-default jltma-glass-effect-no\" data-id=\"31bfb80\" data-element_type=\"section\">\n\t\t\t\t\t\t<div class=\"elementor-container elementor-column-gap-default\">\n\t\t\t\t\t<div class=\"has_ma_el_bg_slider elementor-column elementor-col-100 elementor-top-column elementor-element elementor-element-88bb72a jltma-glass-effect-no\" data-id=\"88bb72a\" data-element_type=\"column\">\n\t\t\t<div class=\"elementor-widget-wrap elementor-element-populated\">\n\t\t\t\t\t\t<div class=\"elementor-element elementor-element-7e4abf8 jltma-glass-effect-no elementor-widget elementor-widget-spacer\" data-id=\"7e4abf8\" data-element_type=\"widget\" data-widget_type=\"spacer.default\">\n\t\t\t\t<div class=\"elementor-widget-container\">\n\t\t\t\t\t\t\t<div class=\"elementor-spacer\">\n\t\t\t<div class=\"elementor-spacer-inner\"><\/div>\n\t\t<\/div>\n\t\t\t\t\t\t<\/div>\n\t\t\t\t<\/div>\n\t\t\t\t\t<\/div>\n\t\t<\/div>\n\t\t\t\t\t<\/div>\n\t\t<\/section>\n\t\t\t\t<\/div>\n\t\t","protected":false},"excerpt":{"rendered":"<p>HOTELARIA O Hospital Nova Petr\u00f3polis oferece quatro op\u00e7\u00f5es de acomoda\u00e7\u00f5es aos nossos pacientes Su\u00edte S\u00e3o acomoda\u00e7\u00f5es individuais e diferenciadas, com ambiente totalmente equipado para proporcionar conforto ao paciente e seus familiares. Caracter\u00edsticas: Quarto individual equipado com cama el\u00e9trica Poltrona reclin\u00e1vel Ar-condicionado Frigobar Televisor Sof\u00e1 cama Banheiro Telefone Apartamento \/ Quarto Privativo S\u00e3o acomoda\u00e7\u00f5es individuais com [&hellip;]<\/p>\n","protected":false},"author":1,"featured_media":0,"parent":0,"menu_order":0,"comment_status":"closed","ping_status":"closed","template":"elementor_canvas","meta":{"_monsterinsights_skip_tracking":false,"_monsterinsights_sitenote_active":false,"_monsterinsights_sitenote_note":"","_monsterinsights_sitenote_category":0,"footnotes":""},"class_list":["post-811","page","type-page","status-publish","hentry"],"aioseo_notices":[],"_links":{"self":[{"href":"https:\/\/hnp.org.br\/site2020\/wp-json\/wp\/v2\/pages\/811","targetHints":{"allow":["GET"]}}],"collection":[{"href":"https:\/\/hnp.org.br\/site2020\/wp-json\/wp\/v2\/pages"}],"about":[{"href":"https:\/\/hnp.org.br\/site2020\/wp-json\/wp\/v2\/types\/page"}],"author":[{"embeddable":true,"href":"https:\/\/hnp.org.br\/site2020\/wp-json\/wp\/v2\/users\/1"}],"replies":[{"embeddable":true,"href":"https:\/\/hnp.org.br\/site2020\/wp-json\/wp\/v2\/comments?post=811"}],"version-history":[{"count":3,"href":"https:\/\/hnp.org.br\/site2020\/wp-json\/wp\/v2\/pages\/811\/revisions"}],"predecessor-version":[{"id":817,"href":"https:\/\/hnp.org.br\/site2020\/wp-json\/wp\/v2\/pages\/811\/revisions\/817"}],"wp:attachment":[{"href":"https:\/\/hnp.org.br\/site2020\/wp-json\/wp\/v2\/media?parent=811"}],"curies":[{"name":"wp","href":"https:\/\/api.w.org\/{rel}","templated":true}]}}