{"id":525,"date":"2020-10-26T23:40:44","date_gmt":"2020-10-27T02:40:44","guid":{"rendered":"https:\/\/hnp.org.br\/site2020\/?page_id=525"},"modified":"2021-07-14T01:16:05","modified_gmt":"2021-07-14T04:16:05","slug":"doacoes","status":"publish","type":"page","link":"https:\/\/hnp.org.br\/site2020\/doacoes\/","title":{"rendered":"Doa\u00e7\u00f5es"},"content":{"rendered":"\t\t<div data-elementor-type=\"wp-page\" data-elementor-id=\"525\" class=\"elementor elementor-525\" data-elementor-post-type=\"page\">\n\t\t\t\t\t\t<section class=\"has_ma_el_bg_slider elementor-section elementor-top-section elementor-element elementor-element-6aa7ecbd elementor-section-full_width elementor-section-height-default elementor-section-height-default jltma-glass-effect-no\" data-id=\"6aa7ecbd\" data-element_type=\"section\" data-settings=\"{&quot;background_background&quot;:&quot;classic&quot;}\">\n\t\t\t\t\t\t<div class=\"elementor-container elementor-column-gap-default\">\n\t\t\t\t\t<div class=\"has_ma_el_bg_slider elementor-column elementor-col-100 elementor-top-column elementor-element elementor-element-6d8ba568 jltma-glass-effect-no\" data-id=\"6d8ba568\" data-element_type=\"column\">\n\t\t\t<div class=\"elementor-widget-wrap elementor-element-populated\">\n\t\t\t\t\t\t<div class=\"elementor-element elementor-element-2fd3bc7c jltma-glass-effect-no elementor-widget elementor-widget-heading\" data-id=\"2fd3bc7c\" data-element_type=\"widget\" data-widget_type=\"heading.default\">\n\t\t\t\t<div class=\"elementor-widget-container\">\n\t\t\t\t\t<h1 class=\"elementor-heading-title elementor-size-large\">DOA\u00c7\u00d5ES<\/h1>\t\t\t\t<\/div>\n\t\t\t\t<\/div>\n\t\t\t\t<div class=\"elementor-element elementor-element-3d0acd61 jltma-glass-effect-no elementor-widget elementor-widget-text-editor\" data-id=\"3d0acd61\" data-element_type=\"widget\" data-widget_type=\"text-editor.default\">\n\t\t\t\t<div class=\"elementor-widget-container\">\n\t\t\t\t\t\t\t\t\t<p style=\"text-align: center;\"><span style=\"color: #333333;\">Somos uma entidade filantr\u00f3pica e precisamos de voc\u00ea. Contribua!<br \/><\/span><\/p>\t\t\t\t\t\t\t\t<\/div>\n\t\t\t\t<\/div>\n\t\t\t\t\t<\/div>\n\t\t<\/div>\n\t\t\t\t\t<\/div>\n\t\t<\/section>\n\t\t\t\t<section class=\"has_ma_el_bg_slider elementor-section elementor-top-section elementor-element elementor-element-bf0b5b5 elementor-section-boxed elementor-section-height-default elementor-section-height-default jltma-glass-effect-no\" data-id=\"bf0b5b5\" data-element_type=\"section\">\n\t\t\t\t\t\t<div class=\"elementor-container elementor-column-gap-default\">\n\t\t\t\t\t<div class=\"has_ma_el_bg_slider elementor-column elementor-col-100 elementor-top-column elementor-element elementor-element-ec6c3da jltma-glass-effect-no\" data-id=\"ec6c3da\" data-element_type=\"column\">\n\t\t\t<div class=\"elementor-widget-wrap elementor-element-populated\">\n\t\t\t\t\t\t<div class=\"elementor-element elementor-element-8603050 jltma-glass-effect-no elementor-widget elementor-widget-heading\" data-id=\"8603050\" data-element_type=\"widget\" data-widget_type=\"heading.default\">\n\t\t\t\t<div class=\"elementor-widget-container\">\n\t\t\t\t\t<h1 class=\"elementor-heading-title elementor-size-large\">FA\u00c7A O BEM SEM OLHAR A QUEM<\/h1>\t\t\t\t<\/div>\n\t\t\t\t<\/div>\n\t\t\t\t<div class=\"elementor-element elementor-element-091e0ab jltma-glass-effect-no elementor-widget elementor-widget-text-editor\" data-id=\"091e0ab\" data-element_type=\"widget\" data-widget_type=\"text-editor.default\">\n\t\t\t\t<div class=\"elementor-widget-container\">\n\t\t\t\t\t\t\t\t\t<p style=\"text-align: center;\">As doa\u00e7\u00f5es podem ser feitas presencialmente na Tesouraria do hospital ou atrav\u00e9s de dep\u00f3sito banc\u00e1rio. Qualquer quantia \u00e9 bem vinda!<\/p>\t\t\t\t\t\t\t\t<\/div>\n\t\t\t\t<\/div>\n\t\t\t\t\t<\/div>\n\t\t<\/div>\n\t\t\t\t\t<\/div>\n\t\t<\/section>\n\t\t\t\t<section class=\"has_ma_el_bg_slider elementor-section elementor-top-section elementor-element elementor-element-70e09cb elementor-section-boxed elementor-section-height-default elementor-section-height-default jltma-glass-effect-no\" data-id=\"70e09cb\" data-element_type=\"section\">\n\t\t\t\t\t\t<div class=\"elementor-container elementor-column-gap-wider\">\n\t\t\t\t\t<div class=\"has_ma_el_bg_slider elementor-column elementor-col-33 elementor-top-column elementor-element elementor-element-0af0fc4 jltma-glass-effect-no\" data-id=\"0af0fc4\" data-element_type=\"column\">\n\t\t\t<div class=\"elementor-widget-wrap elementor-element-populated\">\n\t\t\t\t\t\t<div class=\"elementor-element elementor-element-7e56d0f jltma-glass-effect-no elementor-widget elementor-widget-text-editor\" data-id=\"7e56d0f\" data-element_type=\"widget\" data-widget_type=\"text-editor.default\">\n\t\t\t\t<div class=\"elementor-widget-container\">\n\t\t\t\t\t\t\t\t\t<p><b><img decoding=\"async\" class=\"alignnone size-full wp-image-935\" src=\"https:\/\/hnp.org.br\/site2020\/wp-content\/uploads\/2021\/07\/logobb-1.png\" alt=\"\" width=\"199\" height=\"111\" \/><\/b><\/p><p><b>Banco do Brasil<br \/><\/b><span style=\"color: var( --e-global-color-text ); font-family: var( --e-global-typography-text-font-family ); font-size: 0.875rem;\">Banco: 001<br \/><\/span><span style=\"color: var( --e-global-color-text ); font-family: var( --e-global-typography-text-font-family ); font-size: 0.875rem;\">AG: 1102-9<br \/><\/span><span style=\"color: var( --e-global-color-text ); font-family: var( --e-global-typography-text-font-family ); font-size: 0.875rem;\">C\/C: 2060-5<br \/><\/span><span style=\"color: var( --e-global-color-text ); font-family: var( --e-global-typography-text-font-family ); font-size: 0.875rem;\">CNPJ: 91.588.731\/0001-55<\/span><\/p>\t\t\t\t\t\t\t\t<\/div>\n\t\t\t\t<\/div>\n\t\t\t\t\t<\/div>\n\t\t<\/div>\n\t\t\t\t<div class=\"has_ma_el_bg_slider elementor-column elementor-col-33 elementor-top-column elementor-element elementor-element-13abd94 jltma-glass-effect-no\" data-id=\"13abd94\" data-element_type=\"column\">\n\t\t\t<div class=\"elementor-widget-wrap elementor-element-populated\">\n\t\t\t\t\t\t<div class=\"elementor-element elementor-element-78a322a jltma-glass-effect-no elementor-widget elementor-widget-text-editor\" data-id=\"78a322a\" data-element_type=\"widget\" data-widget_type=\"text-editor.default\">\n\t\t\t\t<div class=\"elementor-widget-container\">\n\t\t\t\t\t\t\t\t\t<p><b><img decoding=\"async\" class=\"alignnone size-full wp-image-933\" src=\"https:\/\/hnp.org.br\/site2020\/wp-content\/uploads\/2021\/07\/sicredi-1.png\" alt=\"\" width=\"225\" height=\"102\" \/><\/b><\/p><p><b>Sicredi<br \/><\/b><span style=\"color: var( --e-global-color-text ); font-family: var( --e-global-typography-text-font-family ); font-size: 0.875rem;\">Banco: 748<br \/><\/span><span style=\"color: var( --e-global-color-text ); font-family: var( --e-global-typography-text-font-family ); font-size: 0.875rem;\">AG: 0101<br \/><\/span><span style=\"color: var( --e-global-color-text ); font-family: var( --e-global-typography-text-font-family ); font-size: 0.875rem; font-weight: var( --e-global-typography-text-font-weight );\">C\/C: 88025-6<br \/><\/span><span style=\"color: var( --e-global-color-text ); font-family: var( --e-global-typography-text-font-family ); font-size: 0.875rem; font-weight: var( --e-global-typography-text-font-weight );\">CNPJ: 91.588.731\/0001-55<\/span><\/p>\t\t\t\t\t\t\t\t<\/div>\n\t\t\t\t<\/div>\n\t\t\t\t\t<\/div>\n\t\t<\/div>\n\t\t\t\t<div class=\"has_ma_el_bg_slider elementor-column elementor-col-33 elementor-top-column elementor-element elementor-element-bc63538 jltma-glass-effect-no\" data-id=\"bc63538\" data-element_type=\"column\">\n\t\t\t<div class=\"elementor-widget-wrap elementor-element-populated\">\n\t\t\t\t\t\t<div class=\"elementor-element elementor-element-7688eb9 jltma-glass-effect-no elementor-widget elementor-widget-text-editor\" data-id=\"7688eb9\" data-element_type=\"widget\" data-widget_type=\"text-editor.default\">\n\t\t\t\t<div class=\"elementor-widget-container\">\n\t\t\t\t\t\t\t\t\t<p><span style=\"color: var( --e-global-color-text ); font-family: var( --e-global-typography-text-font-family ); font-size: 0.875rem;\"><b><img decoding=\"async\" class=\"alignnone size-full wp-image-934\" src=\"https:\/\/hnp.org.br\/site2020\/wp-content\/uploads\/2021\/07\/banrisul-logo-1.png\" alt=\"\" width=\"261\" height=\"52\" \/><\/b><\/span><\/p><p>\u00a0<\/p><p><span style=\"color: var( --e-global-color-text ); font-family: var( --e-global-typography-text-font-family ); font-size: 0.875rem;\"><b>Banrisul<\/b><br \/><span style=\"font-weight: var( --e-global-typography-text-font-weight );\">Banco: 041<\/span><br \/><span style=\"font-weight: var( --e-global-typography-text-font-weight );\">AG: 0288<\/span><br \/><span style=\"font-weight: var( --e-global-typography-text-font-weight );\">C\/C: 06.000195.0-9<\/span><br \/><span style=\"font-weight: var( --e-global-typography-text-font-weight );\">CNPJ: 91.588.731\/0001-55<\/span><br \/><\/span><\/p>\t\t\t\t\t\t\t\t<\/div>\n\t\t\t\t<\/div>\n\t\t\t\t\t<\/div>\n\t\t<\/div>\n\t\t\t\t\t<\/div>\n\t\t<\/section>\n\t\t\t\t<section class=\"has_ma_el_bg_slider elementor-section elementor-top-section elementor-element elementor-element-4f5e8551 elementor-section-boxed elementor-section-height-default elementor-section-height-default jltma-glass-effect-no\" data-id=\"4f5e8551\" data-element_type=\"section\">\n\t\t\t\t\t\t<div class=\"elementor-container elementor-column-gap-default\">\n\t\t\t\t\t<div class=\"has_ma_el_bg_slider elementor-column elementor-col-100 elementor-top-column elementor-element elementor-element-53a3d462 jltma-glass-effect-no\" data-id=\"53a3d462\" data-element_type=\"column\">\n\t\t\t<div class=\"elementor-widget-wrap elementor-element-populated\">\n\t\t\t\t\t\t<div class=\"elementor-element elementor-element-2ce6e1e9 jltma-glass-effect-no elementor-widget elementor-widget-spacer\" data-id=\"2ce6e1e9\" data-element_type=\"widget\" data-widget_type=\"spacer.default\">\n\t\t\t\t<div class=\"elementor-widget-container\">\n\t\t\t\t\t\t\t<div class=\"elementor-spacer\">\n\t\t\t<div class=\"elementor-spacer-inner\"><\/div>\n\t\t<\/div>\n\t\t\t\t\t\t<\/div>\n\t\t\t\t<\/div>\n\t\t\t\t\t<\/div>\n\t\t<\/div>\n\t\t\t\t\t<\/div>\n\t\t<\/section>\n\t\t\t\t<section class=\"has_ma_el_bg_slider elementor-section elementor-top-section elementor-element elementor-element-1c99ee07 elementor-section-full_width elementor-section-height-default elementor-section-height-default jltma-glass-effect-no\" data-id=\"1c99ee07\" data-element_type=\"section\">\n\t\t\t\t\t\t<div class=\"elementor-container elementor-column-gap-no\">\n\t\t\t\t\t<div class=\"has_ma_el_bg_slider elementor-column elementor-col-100 elementor-top-column elementor-element elementor-element-15ad9408 jltma-glass-effect-no\" data-id=\"15ad9408\" data-element_type=\"column\">\n\t\t\t<div class=\"elementor-widget-wrap elementor-element-populated\">\n\t\t\t\t\t\t<div class=\"elementor-element elementor-element-7767a878 jltma-glass-effect-no elementor-widget elementor-widget-image\" data-id=\"7767a878\" data-element_type=\"widget\" data-widget_type=\"image.default\">\n\t\t\t\t<div class=\"elementor-widget-container\">\n\t\t\t\t\t\t\t\t\t\t\t\t\t\t\t<img loading=\"lazy\" decoding=\"async\" width=\"1920\" height=\"500\" src=\"https:\/\/hnp.org.br\/site2020\/wp-content\/uploads\/2020\/10\/quadro-de-doacoes_hnp.jpg\" class=\"attachment-full size-full wp-image-599\" alt=\"\" srcset=\"https:\/\/hnp.org.br\/site2020\/wp-content\/uploads\/2020\/10\/quadro-de-doacoes_hnp.jpg 1920w, https:\/\/hnp.org.br\/site2020\/wp-content\/uploads\/2020\/10\/quadro-de-doacoes_hnp-300x78.jpg 300w, https:\/\/hnp.org.br\/site2020\/wp-content\/uploads\/2020\/10\/quadro-de-doacoes_hnp-1024x267.jpg 1024w, https:\/\/hnp.org.br\/site2020\/wp-content\/uploads\/2020\/10\/quadro-de-doacoes_hnp-768x200.jpg 768w, https:\/\/hnp.org.br\/site2020\/wp-content\/uploads\/2020\/10\/quadro-de-doacoes_hnp-1536x400.jpg 1536w\" sizes=\"(max-width: 1920px) 100vw, 1920px\" \/>\t\t\t\t\t\t\t\t\t\t\t\t\t\t\t<\/div>\n\t\t\t\t<\/div>\n\t\t\t\t\t<\/div>\n\t\t<\/div>\n\t\t\t\t\t<\/div>\n\t\t<\/section>\n\t\t\t\t<\/div>\n\t\t","protected":false},"excerpt":{"rendered":"<p>DOA\u00c7\u00d5ES Somos uma entidade filantr\u00f3pica e precisamos de voc\u00ea. Contribua! FA\u00c7A O BEM SEM OLHAR A QUEM As doa\u00e7\u00f5es podem ser feitas presencialmente na Tesouraria do hospital ou atrav\u00e9s de dep\u00f3sito banc\u00e1rio. Qualquer quantia \u00e9 bem vinda! Banco do BrasilBanco: 001AG: 1102-9C\/C: 2060-5CNPJ: 91.588.731\/0001-55 SicrediBanco: 748AG: 0101C\/C: 88025-6CNPJ: 91.588.731\/0001-55 \u00a0 BanrisulBanco: 041AG: 0288C\/C: 06.000195.0-9CNPJ: 91.588.731\/0001-55<\/p>\n","protected":false},"author":1,"featured_media":0,"parent":0,"menu_order":0,"comment_status":"closed","ping_status":"closed","template":"elementor_header_footer","meta":{"_monsterinsights_skip_tracking":false,"_monsterinsights_sitenote_active":false,"_monsterinsights_sitenote_note":"","_monsterinsights_sitenote_category":0,"footnotes":""},"class_list":["post-525","page","type-page","status-publish","hentry"],"aioseo_notices":[],"_links":{"self":[{"href":"https:\/\/hnp.org.br\/site2020\/wp-json\/wp\/v2\/pages\/525","targetHints":{"allow":["GET"]}}],"collection":[{"href":"https:\/\/hnp.org.br\/site2020\/wp-json\/wp\/v2\/pages"}],"about":[{"href":"https:\/\/hnp.org.br\/site2020\/wp-json\/wp\/v2\/types\/page"}],"author":[{"embeddable":true,"href":"https:\/\/hnp.org.br\/site2020\/wp-json\/wp\/v2\/users\/1"}],"replies":[{"embeddable":true,"href":"https:\/\/hnp.org.br\/site2020\/wp-json\/wp\/v2\/comments?post=525"}],"version-history":[{"count":34,"href":"https:\/\/hnp.org.br\/site2020\/wp-json\/wp\/v2\/pages\/525\/revisions"}],"predecessor-version":[{"id":942,"href":"https:\/\/hnp.org.br\/site2020\/wp-json\/wp\/v2\/pages\/525\/revisions\/942"}],"wp:attachment":[{"href":"https:\/\/hnp.org.br\/site2020\/wp-json\/wp\/v2\/media?parent=525"}],"curies":[{"name":"wp","href":"https:\/\/api.w.org\/{rel}","templated":true}]}}